w - 4983, -4*w + 5136 = 3*n. List the prime factors of n.
2, 5, 43
Let a = -39828 - -91160. What are the prime factors of a?
2, 41, 313
Suppose -5*a + 0*a + 5098 = v, -4*a + 15239 = 3*v. What are the prime factors of v?
3, 19, 89
Suppose -28*p + 4*p = 32016. List the prime factors of p/6*(1 - 4) + -1.
2, 3, 37
Let x be ((-3)/(63/854))/((-4)/(-12)). Let q be (-3)/(((-4)/18)/(-2)). Let i = q - x. What are the prime factors of i?
5, 19
Suppose 19*s = 18*s + 809. Suppose -6*v + s = -631. List the prime factors of v.
2, 3, 5
Let k(a) = -a**3 + 7*a**2 + 3*a - 12. Let q be k(6). Suppose -70*j + 63*j - 42 = 0. Let g = j + q. What are the prime factors of g?
2, 3
Suppose -3*h - n + 326 = -387, 0 = 3*h - 4*n - 718. Suppose h = 2*c - 2520. Suppose 0 = 29*q - 22*q - c. What are the prime factors of q?
197
Let k be 144/504 + (-55324)/(-14). Suppose l + a - 634 = 154, -5*l = -a - k. What are the prime factors of l?
2, 5, 79
List the prime factors of (-1260)/(-180) + -1 + 4881.
3, 181
Let a(p) = p**3 - 14*p**2 + 5*p - 2. Let d be a(14). Let x = d + -23. Suppose -k = -2*j - x, -4*k + 2*j + 85 = -71. List the prime factors of k.
37
Let n be -5 - ((1 - 4) + 6)/3. Let f(j) = -j**2 + 16*j + 11. Let a(t) = -t**2 + 31*t + 21. Let r(z) = 6*a(z) - 11*f(z). List the prime factors of r(n).
5
Suppose 28*r - 30*r - 3*j = -1583, -3*j + 799 = r. List the prime factors of r*((1 - 9/(-6)) + -2).
2, 7
What are the prime factors of 1/(2/40448) - 54/324*-18?
113, 179
What are the prime factors of (-17*(-27)/612)/((-1)/(-43996))?
3, 17, 647
Let g(j) = 6*j + 87. Let h(n) = 5*n + 85. Let x(p) = -6*g(p) + 7*h(p). List the prime factors of x(27).
2, 23
Suppose -t = -5*t + 60. Suppose -g + 14 + t = 3*v, -3*v + g + 31 = 0. List the prime factors of v.
2, 5
Let p = -50109 + 96650. What are the prime factors of p?
11, 4231
Let f(b) = -2*b**2 + 34*b + 9. Let k = -12 - -29. Let g be f(k). Suppose p = 4*r + 21, r - 4*r - g = 0. List the prime factors of p.
3
Suppose -6*d - 3 = -105. Suppose 4*l - 152 - 252 = 0. Let z = l - d. List the prime factors of z.
2, 3, 7
What are the prime factors of 35109/6*(-144)/(-108)?
2, 47, 83
Let w(s) be the third derivative of 7/6*s**3 + 13*s**2 + 0 + 5/24*s**4 + 1/30*s**5 + 0*s. List the prime factors of w(-3).
2, 5
Let j(b) = -4135 - 19*b**3 + 4136 - 4*b**3. Suppose -4*n + 5*g = -21, n = -3*n - 5*g - 29. What are the prime factors of j(n)?
2, 3
Suppose -3*l - 5*m + 383 = 0, -4*m + 256 = 3*l - l. Let v be 6/15 + l/35. Suppose 85 = c - k, -k + v*k - 319 = -4*c. What are the prime factors of c?
2, 41
Let z(d) = -2*d**3 - 28*d**2 - 4*d - 31. Let k be z(-14). Suppose 11747 = k*v - 7103. What are the prime factors of v?
2, 13, 29
Suppose x - 146680 = -5*p, 5*p = 3*x + 134921 + 11779. What are the prime factors of p?
3, 7, 11, 127
Let t(r) = 491*r**2 - 2*r - 1. Let y be t(-1). Suppose -2 = 82*u - 81*u. What are the prime factors of 1/u - y/(-8)?
61
Let d = -44 + 64. Suppose -3*j + o + 20 = 0, 0 = -2*j - 0*j + 2*o + d. What are the prime factors of -4 - ((-130)/j + 3)?
19
Let l(s) = 51*s**2 - 3*s + 110. List the prime factors of l(14).
2, 17, 37
Let g be -3*(0 - -1) + (2 - -3). Suppose g*x + 18 - 18 = 0. Suppose x = 4*i - 5*h - 475, -2*h + 227 = 2*i - h. What are the prime factors of i?
5, 23
Let d = 390 - 506. Suppose 0*p - 3*p = -486. Let q = p + d. What are the prime factors of q?
2, 23
Let u be 5 - (25/5 - 0). List the prime factors of 438/(-4)*(u + -9 - -3).
3, 73
Suppose 7519 = 3*z - 4*c, 5*z + 5*c + 5912 = 18467. List the prime factors of z.
13, 193
Suppose -2*n - 4 = 3*n + 2*z, -n = 3*z + 6. Suppose n = 53*c - 56*c. Suppose 2*y + 5*p = 56, -y - p + c = -25. List the prime factors of y.
23
Let y(s) be the third derivative of -s**4/12 + 10*s**3/3 + 10*s**2. Let a be y(-9). Let g = 26 + a. List the prime factors of g.
2
Suppose v = l + l + 73, 3*v = -4*l + 229. Suppose 147 = -q - 2*q. Let n = v + q. What are the prime factors of n?
2, 13
Suppose -16*u + 273557 - 106906 + 115173 = 0. List the prime factors of u.
2, 8807
Suppose 3*w - 3*f = 3486, -3*f = 10*w - 11*w + 1158. Suppose g = -2*n + 1012 + w, 2164 = 2*n + 4*g. What are the prime factors of n?
2, 5, 109
Let m be (0/4 - 0)/(-1). Suppose m = -3*x + 57 - 453. What are the prime factors of x/(-6)*27/6?
3, 11
Suppose 2*r = -5*y + 2*y - 19, -29 = y - 5*r. List the prime factors of 910 + 3*((-33)/y + -5).
2, 3, 151
Suppose -15376 = -2*d + 4*w, -d - 3*w = -155 - 7533. What are the prime factors of d?
2, 31
Suppose 7*i - h = 8*i - 21786, -2*i + 43542 = -4*h. What are the prime factors of i?
23, 947
Suppose -10 = -2*c + t, 5*c - 5*t - 12 = 23. Suppose j = -j + 5*f + 105, c*j - 3*f = 162. What are the prime factors of j?
5, 11
Suppose -117*v = 69593 - 1159682. What are the prime factors of v?
7, 11
What are the prime factors of 95/76 + (-82)/8 - -2622?
3, 13, 67
Let u(v) = -99*v**3 - 16*v**2 + v + 12. List the prime factors of u(-6).
2, 3, 3469
Let d(w) = -3*w**2 - 12*w + 17. Let z(t) = -t**2 - t + 1. Let a(i) = d(i) - 5*z(i). Suppose -o = -m, 2*o + 5 = -3*m + 6*m. What are the prime factors of a(o)?
3
Suppose 7*h - 61*h - 14*h = -402152. What are the prime factors of h?
2, 2957
Let b(j) = j**3 - j**2 - 5*j + 1286. Let u = 486 + -486. What are the prime factors of b(u)?
2, 643
Suppose -29*k + 22*k = 588. What are the prime factors of 7/(k/(-14457)) + (-10)/(-8)?
2, 3, 67
Suppose -g + 5*m = 1165, -g - 3495 = 2*g + 3*m. Let y = g + -93. What are the prime factors of y/(-14) + ((-88)/(-28) - 3)?
2, 3, 5
What are the prime factors of 3 - ((-178605)/21)/(0 - -1)?
2, 3, 709
Let k(q) be the third derivative of -5*q**4/4 + 31*q**3/3 - 18*q**2. What are the prime factors of k(-4)?
2, 7, 13
Suppose -7*o - o = 3320. Let c = o - -732. What are the prime factors of c?
317
Let m(y) = 10*y - 3*y + 9*y + 54 - 2. What are the prime factors of m(26)?
2, 3, 13
Let p(j) = -9*j - 7. Let y(b) be the third derivative of b**5/60 + 3*b**4/8 - 29*b**3/6 + 46*b**2. Let m be y(-10). What are the prime factors of p(m)?
2, 41
Let o(b) be the third derivative of b**5/3 + 3*b**4/4 - 35*b**3/6 - b**2 - 121. List the prime factors of o(3).
199
Let p be 0 + -2 + (0 - 3). Let v be 8/(-20) + (1 - 17/p). Suppose 0*l = 4*a + v*l - 328, 5*l - 254 = -3*a. List the prime factors of a.
2, 3, 13
Suppose 162 = -d + 160. Let j(t) = -93*t**3 + t**2 + 4*t + 3. What are the prime factors of j(d)?
743
Suppose -7*q = -6*q - 5. Suppose -2*a + 501 = 3*y - 5*a, a - 865 = -q*y. List the prime factors of y.
2, 43
Let j(r) = -31*r + 150*r - 37 - 587*r. List the prime factors of j(-1).
431
Suppose 0 = -4*b - 85 + 209. Let d(f) = f**3 - 30*f**2 + 6*f + 37. What are the prime factors of d(b)?
2, 37
Suppose 251*q - 260*q + 234 = 0. List the prime factors of (-1 + -5)*(q + -144).
2, 3, 59
Let s be 8/2 - (0 + 0). Let q be (-2 - (-12)/10)*(-225)/60. Suppose -s*b = -q*b - 38. What are the prime factors of b?
2, 19
Suppose -5*m = -26 - 4. Suppose -5*g + m = -g - 2*a, -4*a = 3*g - 32. Suppose g*l + 89 = 5*l. List the prime factors of l.
89
Suppose 14*f = 2668 + 13166. What are the prime factors of f?
3, 13, 29
Suppose l - 38228 = -5*o + 4*l, 2*l = -5*o + 38223. What are the prime factors of o?
5, 11, 139
Suppose 90 = t + t + 4*x, -131 = -3*t - 5*x. Let a = t + -32. Suppose -3*b + 5*i + 152 = 0, a*b = -3*i + i + 212. List the prime factors of b.
2, 11
Let h(j) = 18*j**2 - 11*j - 430. List the prime factors of h(-20).
2, 3, 5, 233
Let k(y) = -2*y**2 - 12*y - 2. Let g be k(-6). Let c be 8/5*1*(-5)/g. Suppose c*b + 560 = 8*b. What are the prime factors of b?
2, 5, 7
Let g = -4128 - -6986. List the prime factors of g.
2, 1429
Let a be (-4 - -5)/(-1)*932. What are the prime factors of (a/(-14))/((-8)/(-56))?
2, 233
Suppose 4 = s - 5*u - 23, -4*s = -5*u - 183. Let t = -681 + 685. Suppose -t*m = -60 - s. List the prime factors of m.
2, 7
Let z be ((-130)/25 + 4)/(15/100). Let q(d) = -112*d - 357. List the prime factors of q(z).
7, 11
Suppose -15*o + 19*o = -4*h + 230372, 3*o = 4*h - 230386. List the prime factors of h.
5, 11519
Let m be (6 - 7) + 8 + -5. List the prime factors of (40/12)/(m/237).
5, 79
Let k(b) = 9*b**3 - 32*b**2 - 21*b + 535. What are the prime factors of k(17)?
7, 5021
Let p = -17031 + 32377. List the prime factors of p.
2, 7673
Let z(x) = -x + 1. Let t be z(-4).